{"id":328,"date":"2019-04-16T18:28:10","date_gmt":"2019-04-16T18:28:10","guid":{"rendered":"http:\/\/auf-reede-greetsiel.de\/?page_id=328"},"modified":"2026-03-28T16:36:31","modified_gmt":"2026-03-28T15:36:31","slug":"preise-und-saisonzeiten","status":"publish","type":"page","link":"https:\/\/auf-reede-greetsiel.de\/?page_id=328","title":{"rendered":"Preise und Saisonzeiten"},"content":{"rendered":"\n<p>Die Aufteilung der Saisonzeiten erfolgt in Hauptsaison, Zwischensaison und Nebensaison und ist f\u00fcr die n\u00e4chsten Jahre wie folgt festgelegt:<\/p>\n\n\n\n<figure class=\"wp-block-table aligncenter is-style-stripes\"><table><tbody><tr><td><strong>Saisonzeiten<\/strong><\/td><td><strong><em><center>2025<\/center><\/em><\/strong><\/td><td><em><strong><center>2026<\/center><\/strong><\/em><\/td><td><strong><em><center>2027<\/center><\/em><\/strong><\/td><\/tr><tr><td><strong><em>Hauptsaison<\/em><\/strong><br><\/td><td>01.01. &#8211; 10.01.<br>07.06. &#8211; 19.09.<br>20.12. &#8211; 31.12.<\/td><td>01.01. &#8211; 09.01.<br>27.06. &#8211; 18.09.<br>19.12. &#8211; 31.12.<\/td><td>01.01. &#8211; 08.01.<br>26.06. &#8211; 17.09.<br>18.12. &#8211; 31.12.<\/td><\/tr><tr><td><strong><em>Zwischensaison<\/em><\/strong><\/td><td>25.01. &#8211; 06.06.<br>20.09. &#8211; 07.11.<\/td><td>31.01. &#8211; 26.06.<br>19.09. &#8211; 06.11.<\/td><td>30.01. &#8211; 25.06.<br>18.09. &#8211; 05.11.<\/td><\/tr><tr><td><strong><em>Nebensaison<\/em><\/strong><\/td><td>11.01. &#8211; 24.01.<br>08.11. &#8211; 19.12.<\/td><td>10.01. &#8211; 30.01.<br>07.11. &#8211; 18.12.<\/td><td>09.01. &#8211; 29.01.<br>06.11. &#8211; 17.12.<\/td><\/tr><\/tbody><\/table><\/figure>\n\n\n\n<p>Buchungen in der Hauptsaison und w\u00e4hrend der Schulferien sind ab 7 \u00dcbernachtungen (\u00dcN), in der \u00fcbrigen Zeit ab 2 \u00dcbernachtungen m\u00f6glich.<\/p>\n\n\n\n<figure class=\"wp-block-table aligncenter is-style-stripes\"><table><tbody><tr><td><strong>Mietpreise<\/strong><\/td><td class=\"has-text-align-right\" data-align=\"right\"><strong><em>1-2 Personen<\/em><\/strong><\/td><td class=\"has-text-align-left\" data-align=\"left\"><strong><em>jede weitere \u00dcN<\/em><\/strong><\/td><td class=\"has-text-align-right\" data-align=\"right\"><strong>jede weitere Person<\/strong><\/td><\/tr><tr><td><strong><em>Hauptsaison<\/em><\/strong><\/td><td class=\"has-text-align-right\" data-align=\"right\">915\u20ac \/ Woche<\/td><td class=\"has-text-align-left\" data-align=\"left\">115\u20ac<\/td><td class=\"has-text-align-right\" data-align=\"right\">5\u20ac \/ \u00dcN<\/td><\/tr><tr><td><strong><em>Zwischensaison<\/em><\/strong><\/td><td class=\"has-text-align-right\" data-align=\"right\">775\u20ac \/ Woche<\/td><td class=\"has-text-align-left\" data-align=\"left\">95\u20ac<\/td><td class=\"has-text-align-right\" data-align=\"right\">5\u20ac \/ \u00dcN<\/td><\/tr><tr><td><strong><em>Nebensaison<\/em><\/strong><\/td><td class=\"has-text-align-right\" data-align=\"right\">670\u20ac \/ Woche<\/td><td class=\"has-text-align-left\" data-align=\"left\">80\u20ac<\/td><td class=\"has-text-align-right\" data-align=\"right\">5\u20ac \/ \u00dcN<\/td><\/tr><\/tbody><\/table><\/figure>\n\n\n\n<p>Im Mietpreis enthalten sind Endreinigung, Bettw\u00e4sche und Handt\u00fccher f\u00fcr die gebuchte Personenzahl, sowie alle verbrauchsabh\u00e4ngigen Nebenkosten. Internet \u00fcber WLAN und die Nutzung der Waschmaschine und des Trockners sind kostenlos.<\/p>\n\n\n\n<p>Die Gemeinde Krummh\u00f6rn erhebt einen Kurbeitrag, der bei Ankunft im Vermietungsb\u00fcro Lohmann zu entrichten ist. Informationen u.a. zur H\u00f6he finden Sie auf den Seiten der <a href=\"https:\/\/www.krummhoern.de\/aktuelles\/foerderprojekt-dorfentwicklungsplanung\/\">Gemeinde Krummh\u00f6rn.<\/a><\/p>\n\n\n\n<p>Kontaktieren Sie uns gerne \u00fcber die <a href=\"http:\/\/auf-reede-greetsiel.de\/?page_id=202\">Buchungsanfrage<\/a> oder per <a href=\"mailto:info@auf-reede-greetsiel.de\">Email<\/a> damit wir Ihnen ein attraktives Mietangebot zusenden k\u00f6nnen.<\/p>\n\n\n\n<p><br><\/p>\n","protected":false},"excerpt":{"rendered":"<p>Die Aufteilung der Saisonzeiten erfolgt in Hauptsaison, Zwischensaison und Nebensaison und ist f\u00fcr die n\u00e4chsten Jahre wie folgt festgelegt: Saisonzeiten 2025 2026 2027 Hauptsaison 01.01. &#8211; 10.01.07.06. &#8211; 19.09.20.12. &#8211; 31.12. 01.01. &#8211; 09.01.27.06. &#8211; 18.09.19.12. &#8211; 31.12. 01.01. &#8211;<\/p>\n","protected":false},"author":1,"featured_media":0,"parent":0,"menu_order":0,"comment_status":"closed","ping_status":"closed","template":"","meta":{"footnotes":""},"class_list":["post-328","page","type-page","status-publish","hentry"],"_links":{"self":[{"href":"https:\/\/auf-reede-greetsiel.de\/index.php?rest_route=\/wp\/v2\/pages\/328","targetHints":{"allow":["GET"]}}],"collection":[{"href":"https:\/\/auf-reede-greetsiel.de\/index.php?rest_route=\/wp\/v2\/pages"}],"about":[{"href":"https:\/\/auf-reede-greetsiel.de\/index.php?rest_route=\/wp\/v2\/types\/page"}],"author":[{"embeddable":true,"href":"https:\/\/auf-reede-greetsiel.de\/index.php?rest_route=\/wp\/v2\/users\/1"}],"replies":[{"embeddable":true,"href":"https:\/\/auf-reede-greetsiel.de\/index.php?rest_route=%2Fwp%2Fv2%2Fcomments&post=328"}],"version-history":[{"count":36,"href":"https:\/\/auf-reede-greetsiel.de\/index.php?rest_route=\/wp\/v2\/pages\/328\/revisions"}],"predecessor-version":[{"id":2320,"href":"https:\/\/auf-reede-greetsiel.de\/index.php?rest_route=\/wp\/v2\/pages\/328\/revisions\/2320"}],"wp:attachment":[{"href":"https:\/\/auf-reede-greetsiel.de\/index.php?rest_route=%2Fwp%2Fv2%2Fmedia&parent=328"}],"curies":[{"name":"wp","href":"https:\/\/api.w.org\/{rel}","templated":true}]}}

<p>Die Aufteilung der Saisonzeiten erfolgt in Hauptsaison, Zwischensaison und Nebensaison und ist für die nächsten Jahre wie folgt festgelegt:</p>



<figure class="wp-block-table aligncenter is-style-stripes"><table><tbody><tr><td><strong>Saisonzeiten</strong></td><td><strong><em><center>2025</center></em></strong></td><td><em><strong><center>2026</center></strong></em></td><td><strong><em><center>2027</center></em></strong></td></tr><tr><td><strong><em>Hauptsaison</em></strong><br></td><td>01.01. &#8211; 10.01.<br>07.06. &#8211; 19.09.<br>20.12. &#8211; 31.12.</td><td>01.01. &#8211; 09.01.<br>27.06. &#8211; 18.09.<br>19.12. &#8211; 31.12.</td><td>01.01. &#8211; 08.01.<br>26.06. &#8211; 17.09.<br>18.12. &#8211; 31.12.</td></tr><tr><td><strong><em>Zwischensaison</em></strong></td><td>25.01. &#8211; 06.06.<br>20.09. &#8211; 07.11.</td><td>31.01. &#8211; 26.06.<br>19.09. &#8211; 06.11.</td><td>30.01. &#8211; 25.06.<br>18.09. &#8211; 05.11.</td></tr><tr><td><strong><em>Nebensaison</em></strong></td><td>11.01. &#8211; 24.01.<br>08.11. &#8211; 19.12.</td><td>10.01. &#8211; 30.01.<br>07.11. &#8211; 18.12.</td><td>09.01. &#8211; 29.01.<br>06.11. &#8211; 17.12.</td></tr></tbody></table></figure>



<p>Buchungen in der Hauptsaison und während der Schulferien sind ab 7 Übernachtungen (ÜN), in der übrigen Zeit ab 2 Übernachtungen möglich.</p>



<figure class="wp-block-table aligncenter is-style-stripes"><table><tbody><tr><td><strong>Mietpreise</strong></td><td class="has-text-align-right" data-align="right"><strong><em>1-2 Personen</em></strong></td><td class="has-text-align-left" data-align="left"><strong><em>jede weitere ÜN</em></strong></td><td class="has-text-align-right" data-align="right"><strong>jede weitere Person</strong></td></tr><tr><td><strong><em>Hauptsaison</em></strong></td><td class="has-text-align-right" data-align="right">915€ / Woche</td><td class="has-text-align-left" data-align="left">115€</td><td class="has-text-align-right" data-align="right">5€ / ÜN</td></tr><tr><td><strong><em>Zwischensaison</em></strong></td><td class="has-text-align-right" data-align="right">775€ / Woche</td><td class="has-text-align-left" data-align="left">95€</td><td class="has-text-align-right" data-align="right">5€ / ÜN</td></tr><tr><td><strong><em>Nebensaison</em></strong></td><td class="has-text-align-right" data-align="right">670€ / Woche</td><td class="has-text-align-left" data-align="left">80€</td><td class="has-text-align-right" data-align="right">5€ / ÜN</td></tr></tbody></table></figure>



<p>Im Mietpreis enthalten sind Endreinigung, Bettwäsche und Handtücher für die gebuchte Personenzahl, sowie alle verbrauchsabhängigen Nebenkosten. Internet über WLAN und die Nutzung der Waschmaschine und des Trockners sind kostenlos.</p>



<p>Die Gemeinde Krummhörn erhebt einen Kurbeitrag, der bei Ankunft im Vermietungsbüro Lohmann zu entrichten ist. Informationen u.a. zur Höhe finden Sie auf den Seiten der <a href="https://www.krummhoern.de/aktuelles/foerderprojekt-dorfentwicklungsplanung/">Gemeinde Krummhörn.</a></p>



<p>Kontaktieren Sie uns gerne über die <a href="http://auf-reede-greetsiel.de/?page_id=202">Buchungsanfrage</a> oder per <a href="mailto:info@auf-reede-greetsiel.de">Email</a> damit wir Ihnen ein attraktives Mietangebot zusenden können.</p>



<p><br></p>

<p>Die Aufteilung der Saisonzeiten erfolgt in Hauptsaison, Zwischensaison und Nebensaison und ist für die nächsten Jahre wie folgt festgelegt: Saisonzeiten 2025 2026 2027 Hauptsaison 01.01. &#8211; 10.01.07.06. &#8211; 19.09.20.12. &#8211; 31.12. 01.01. &#8211; 09.01.27.06. &#8211; 18.09.19.12. &#8211; 31.12. 01.01. &#8211;</p>
