{"id":743,"date":"2019-07-14T16:59:40","date_gmt":"2019-07-14T16:59:40","guid":{"rendered":"https:\/\/auf-reede-greetsiel.de\/?page_id=743"},"modified":"2019-07-14T17:21:00","modified_gmt":"2019-07-14T17:21:00","slug":"hilgenriedersiel","status":"publish","type":"page","link":"https:\/\/auf-reede-greetsiel.de\/?page_id=743","title":{"rendered":"Hilgenriedersiel"},"content":{"rendered":"\n<p>Kennen Sie schon die einzige naturbelassene Badestelle an der ostfriesischen Nordseek\u00fcste?<\/p>\n\n\n\n<p>\u00d6stlich von Norden, bei Hilgenriedersiel, liegt dieses kleine St\u00fcck Zwischenzone im Nationalpark Nieders\u00e4chsisches Wattenmeer.<\/p>\n\n\n\n<p>Im 19. Jhdt. wurde \u00f6stlich des Hilgenrieder Au\u00dfentiefs ein Wattweg f\u00fcr den Passagier- und Postverkehr mit der Insel Norderney angelegt, die Luftlinie nur ca. 5 km entfernt ist.&nbsp;Dadurch wurde das \u00d6rtchen vor\u00fcbergehend zu einem Zentrum zur Versorgung der Inseleinwohner.<\/p>\n\n\n\n<p>Heute ist der Strandabschnitt zwar bekannter geworden, aber noch nicht \u00fcberlaufen. Vom Parkplatz aus l\u00e4uft man ca. 15 Minuten \u00fcber einen Zugangsweg mitten durch die Salzwiesen. Allerdings sollte man wissen, dass es hier nur Natur gibt \u2013 also auch keine Toiletten in der N\u00e4he sind.<\/p>\n\n\n\n<div class=\"wp-block-image\"><figure class=\"alignleft\"><img loading=\"lazy\" decoding=\"async\" width=\"1024\" height=\"768\" src=\"https:\/\/auf-reede-greetsiel.de\/wp-content\/uploads\/2019\/07\/2016-11-04_13-02-01_IMG_0263-e1563124626169-1024x768.jpg\" alt=\"\" class=\"wp-image-748\"\/><\/figure><\/div>\n","protected":false},"excerpt":{"rendered":"<p>Kennen Sie schon die einzige naturbelassene Badestelle an der ostfriesischen Nordseek\u00fcste? \u00d6stlich von Norden, bei Hilgenriedersiel, liegt dieses kleine St\u00fcck Zwischenzone im Nationalpark Nieders\u00e4chsisches Wattenmeer. Im 19. Jhdt. wurde \u00f6stlich des Hilgenrieder Au\u00dfentiefs ein Wattweg f\u00fcr den Passagier- und Postverkehr<\/p>\n","protected":false},"author":2,"featured_media":0,"parent":0,"menu_order":0,"comment_status":"closed","ping_status":"closed","template":"","meta":{"footnotes":""},"class_list":["post-743","page","type-page","status-publish","hentry"],"_links":{"self":[{"href":"https:\/\/auf-reede-greetsiel.de\/index.php?rest_route=\/wp\/v2\/pages\/743","targetHints":{"allow":["GET"]}}],"collection":[{"href":"https:\/\/auf-reede-greetsiel.de\/index.php?rest_route=\/wp\/v2\/pages"}],"about":[{"href":"https:\/\/auf-reede-greetsiel.de\/index.php?rest_route=\/wp\/v2\/types\/page"}],"author":[{"embeddable":true,"href":"https:\/\/auf-reede-greetsiel.de\/index.php?rest_route=\/wp\/v2\/users\/2"}],"replies":[{"embeddable":true,"href":"https:\/\/auf-reede-greetsiel.de\/index.php?rest_route=%2Fwp%2Fv2%2Fcomments&post=743"}],"version-history":[{"count":3,"href":"https:\/\/auf-reede-greetsiel.de\/index.php?rest_route=\/wp\/v2\/pages\/743\/revisions"}],"predecessor-version":[{"id":753,"href":"https:\/\/auf-reede-greetsiel.de\/index.php?rest_route=\/wp\/v2\/pages\/743\/revisions\/753"}],"wp:attachment":[{"href":"https:\/\/auf-reede-greetsiel.de\/index.php?rest_route=%2Fwp%2Fv2%2Fmedia&parent=743"}],"curies":[{"name":"wp","href":"https:\/\/api.w.org\/{rel}","templated":true}]}}