{"id":768,"date":"2019-07-28T11:24:28","date_gmt":"2019-07-28T11:24:28","guid":{"rendered":"https:\/\/auf-reede-greetsiel.de\/?page_id=768"},"modified":"2019-07-28T11:24:28","modified_gmt":"2019-07-28T11:24:28","slug":"pilsumer-leuchtturm","status":"publish","type":"page","link":"https:\/\/auf-reede-greetsiel.de\/?page_id=768","title":{"rendered":"Pilsumer Leuchtturm"},"content":{"rendered":"\n<div class=\"wp-block-media-text alignwide\"><figure class=\"wp-block-media-text__media\"><img loading=\"lazy\" decoding=\"async\" width=\"768\" height=\"1024\" src=\"https:\/\/auf-reede-greetsiel.de\/wp-content\/uploads\/2019\/07\/2016-03-10_13-21-33_5F3AAAC4-2075-4112-947C-2FA89F0326A4-e1562698999517-768x1024.jpg\" alt=\"\" class=\"wp-image-702\" srcset=\"https:\/\/auf-reede-greetsiel.de\/wp-content\/uploads\/2019\/07\/2016-03-10_13-21-33_5F3AAAC4-2075-4112-947C-2FA89F0326A4-e1562698999517-768x1024.jpg 768w, https:\/\/auf-reede-greetsiel.de\/wp-content\/uploads\/2019\/07\/2016-03-10_13-21-33_5F3AAAC4-2075-4112-947C-2FA89F0326A4-e1562698999517-225x300.jpg 225w, https:\/\/auf-reede-greetsiel.de\/wp-content\/uploads\/2019\/07\/2016-03-10_13-21-33_5F3AAAC4-2075-4112-947C-2FA89F0326A4-e1562698999517.jpg 1500w\" sizes=\"auto, (max-width: 768px) 100vw, 768px\" \/><\/figure><div class=\"wp-block-media-text__content\">\n<p style=\"font-size:18px\">Der Pilsumer Leuchtturm wurde 1891 in Dienst gestellt und beleuchtete bis 1915 einen Teil des Schiffsfahrweges zwischen Borkum und Emden. Seit seiner Stilllegung wechselten die Besitzer mehrfach &#8211; heute k\u00fcmmert sich die Deichacht Krummh\u00f6rn um seinen Erhalt. <br><br>Mehrmals im Jahr kann der Turm im Rahmen von G\u00e4stef\u00fchrungen erkundet werden.<br>Die Termine dazu finden Sie <a href=\"https:\/\/www.greetsiel.de\/sehenswertes-kultur-und-natur\/pilsumer-leuchtturm.html\">hier<\/a>.<br><br>Seit 2004 kann man sich im Pilsumer Leuchtturm auch trauen lassen. Die Termine sind begehrt und es lohnt sich eine zeitige Kontaktaufnahme mit dem <a href=\"http:\/\/www.krummhoern.de\">Standesamt der Gemeinde Krummh\u00f6rn<\/a>.<\/p>\n\n\n\n<p><br><\/p>\n<\/div><\/div>\n\n\n\n<p><\/p>\n","protected":false},"excerpt":{"rendered":"<p>Der Pilsumer Leuchtturm wurde 1891 in Dienst gestellt und beleuchtete bis 1915 einen Teil des Schiffsfahrweges zwischen Borkum und Emden. Seit seiner Stilllegung wechselten die Besitzer mehrfach &#8211; heute k\u00fcmmert sich die Deichacht Krummh\u00f6rn um seinen Erhalt. Mehrmals im Jahr<\/p>\n","protected":false},"author":1,"featured_media":0,"parent":0,"menu_order":0,"comment_status":"closed","ping_status":"closed","template":"","meta":{"footnotes":""},"class_list":["post-768","page","type-page","status-publish","hentry"],"_links":{"self":[{"href":"https:\/\/auf-reede-greetsiel.de\/index.php?rest_route=\/wp\/v2\/pages\/768","targetHints":{"allow":["GET"]}}],"collection":[{"href":"https:\/\/auf-reede-greetsiel.de\/index.php?rest_route=\/wp\/v2\/pages"}],"about":[{"href":"https:\/\/auf-reede-greetsiel.de\/index.php?rest_route=\/wp\/v2\/types\/page"}],"author":[{"embeddable":true,"href":"https:\/\/auf-reede-greetsiel.de\/index.php?rest_route=\/wp\/v2\/users\/1"}],"replies":[{"embeddable":true,"href":"https:\/\/auf-reede-greetsiel.de\/index.php?rest_route=%2Fwp%2Fv2%2Fcomments&post=768"}],"version-history":[{"count":2,"href":"https:\/\/auf-reede-greetsiel.de\/index.php?rest_route=\/wp\/v2\/pages\/768\/revisions"}],"predecessor-version":[{"id":789,"href":"https:\/\/auf-reede-greetsiel.de\/index.php?rest_route=\/wp\/v2\/pages\/768\/revisions\/789"}],"wp:attachment":[{"href":"https:\/\/auf-reede-greetsiel.de\/index.php?rest_route=%2Fwp%2Fv2%2Fmedia&parent=768"}],"curies":[{"name":"wp","href":"https:\/\/api.w.org\/{rel}","templated":true}]}}